{"id":185,"date":"2025-05-15T20:28:45","date_gmt":"2025-05-15T20:28:45","guid":{"rendered":"https:\/\/saan.olympialegalgroup.com\/?page_id=185"},"modified":"2025-05-16T15:44:18","modified_gmt":"2025-05-16T15:44:18","slug":"quienen-somos","status":"publish","type":"page","link":"https:\/\/saan.olympialegalgroup.com\/index.php\/quienen-somos\/","title":{"rendered":"Quien\u00e9s Somos"},"content":{"rendered":"<p>[et_pb_section fb_built=\u00bb1&#8243; custom_padding_last_edited=\u00bbon|phone\u00bb admin_label=\u00bbHeader\u00bb _builder_version=\u00bb4.27.4&#8243; _module_preset=\u00bb94b61fa9-e769-488a-99e9-46ac2d951486&#8243; use_background_color_gradient=\u00bboff\u00bb background_image=\u00bbhttps:\/\/saan.olympialegalgroup.com\/wp-content\/uploads\/2025\/05\/Aurora-scaled.jpg\u00bb custom_padding=\u00bb12vw||16vw||false|false\u00bb custom_padding_tablet=\u00bb21vw||||false|false\u00bb custom_padding_phone=\u00bb29vw||5vh||false|false\u00bb border_radii=\u00bboff|||3vw|3vw\u00bb collapsed=\u00bboff\u00bb][\/et_pb_section][et_pb_section fb_built=\u00bb1&#8243; admin_label=\u00bbServices\u00bb _builder_version=\u00bb4.27.4&#8243; _module_preset=\u00bbdefault\u00bb collapsed=\u00bboff\u00bb][et_pb_row column_structure=\u00bb1_4,1_4,1_2&#8243; _builder_version=\u00bb4.27.0&#8243; _module_preset=\u00bbdefault\u00bb global_colors_info=\u00bb{}\u00bb][et_pb_column type=\u00bb1_4&#8243; _builder_version=\u00bb4.22.0&#8243; _module_preset=\u00bbdefault\u00bb global_colors_info=\u00bb{}\u00bb][et_pb_heading title=\u00bbQui\u00e9nes Somos\u00bb _builder_version=\u00bb4.27.4&#8243; _module_preset=\u00bb638468c8-11bf-42a7-b5f3-3146cfd429da\u00bb custom_margin=\u00bb||10px||false|false\u00bb locked=\u00bboff\u00bb global_colors_info=\u00bb{}\u00bb][\/et_pb_heading][et_pb_blurb icon_placement=\u00bbtop\u00bb _builder_version=\u00bb4.27.4&#8243; _module_preset=\u00bb379598c6-cb3b-4653-901a-29617516e486&#8243; global_colors_info=\u00bb{}\u00bb][\/et_pb_blurb][et_pb_button button_text=\u00bbChat With An Expert\u00bb disabled_on=\u00bbon|on|on\u00bb _builder_version=\u00bb4.27.0&#8243; _module_preset=\u00bbeface43c-e8c6-49b5-a352-7de4ef52964b\u00bb button_text_size=\u00bb14px\u00bb button_border_radius=\u00bb100px\u00bb button_font=\u00bbInter|700|||||||\u00bb disabled=\u00bbon\u00bb global_colors_info=\u00bb{}\u00bb][\/et_pb_button][\/et_pb_column][et_pb_column type=\u00bb1_4&#8243; _builder_version=\u00bb4.22.0&#8243; _module_preset=\u00bbdefault\u00bb global_colors_info=\u00bb{}\u00bb][et_pb_blurb icon_placement=\u00bbtop\u00bb _builder_version=\u00bb4.27.4&#8243; _module_preset=\u00bb379598c6-cb3b-4653-901a-29617516e486&#8243; global_colors_info=\u00bb{}\u00bb]<\/p>\n<p>El placer de comptemplar el cielo nocturno, reconocer los astros, registrar los fen\u00f3menos que se producen, conseguir espectaculares fotografias o perderse en el infinito. Todo y m\u00e1s forma parte de la aficci\u00f3n a la astronom\u00eda, esencia primera que impulsa la formaci\u00f3n de esta sociedad.<\/p>\n<p>[\/et_pb_blurb][et_pb_button button_text=\u00bbView All Offerings\u00bb _builder_version=\u00bb4.27.4&#8243; _module_preset=\u00bb1e9bebd2-ed06-40e6-b008-1ede3101d680&#8243; locked=\u00bboff\u00bb global_colors_info=\u00bb{}\u00bb disabled_on=\u00bbon|on|on\u00bb disabled=\u00bbon\u00bb][\/et_pb_button][\/et_pb_column][et_pb_column type=\u00bb1_2&#8243; _builder_version=\u00bb4.22.0&#8243; _module_preset=\u00bbdefault\u00bb global_colors_info=\u00bb{}\u00bb][et_pb_image src=\u00bbhttps:\/\/saan.olympialegalgroup.com\/wp-content\/uploads\/2025\/05\/NinoTelescopio2.png\u00bb title_text=\u00bbNi\u00f1oTelescopio2&#8243; _builder_version=\u00bb4.27.4&#8243; _module_preset=\u00bbb95b5fcd-6fe3-4627-a3db-d8f82a3bc917&#8243; global_colors_info=\u00bb{}\u00bb][\/et_pb_image][\/et_pb_column][\/et_pb_row][et_pb_row column_structure=\u00bb1_2,1_2&#8243; _builder_version=\u00bb4.27.0&#8243; _module_preset=\u00bbdefault\u00bb custom_padding=\u00bb4%||||false|false\u00bb border_color_all=\u00bbgcid-beb2c95b-3a59-4769-93ca-ebc39d60c20d\u00bb border_width_top=\u00bb2px\u00bb global_colors_info=\u00bb{%22gcid-beb2c95b-3a59-4769-93ca-ebc39d60c20d%22:%91%22border_color_all%22%93}\u00bb][et_pb_column type=\u00bb1_2&#8243; _builder_version=\u00bb4.27.0&#8243; _module_preset=\u00bbdefault\u00bb custom_padding=\u00bb|12%|||false|false\u00bb custom_padding_tablet=\u00bb|0%|||false|false\u00bb custom_padding_phone=\u00bb\u00bb custom_padding_last_edited=\u00bbon|tablet\u00bb global_colors_info=\u00bb{}\u00bb][et_pb_heading title=\u00bbValores\u00bb _builder_version=\u00bb4.27.4&#8243; _module_preset=\u00bb638468c8-11bf-42a7-b5f3-3146cfd429da\u00bb custom_margin=\u00bb||10px||false|false\u00bb locked=\u00bboff\u00bb global_colors_info=\u00bb{}\u00bb][\/et_pb_heading][et_pb_text _builder_version=\u00bb4.27.4&#8243; _module_preset=\u00bb63c65a39-cd73-47c1-8fae-3feab7b7eb9e\u00bb global_colors_info=\u00bb{}\u00bb]<\/p>\n<p>Omega es una sociedad tranquila, familiar y acogedora que busca incentivar la creatividad y la exploraci\u00f3n en el campo de la astroomia, animando a sus miembros a experimentar y aprender. Con m\u00e1s de 40 a\u00f1os\u00a0 de trayectoria, esta organizaci\u00f3n cuenta con un alto porcentaje de socios que han integrado la astronom\u00eda en sus vida\u00a0 profesionales, aportando as\u00ed seriedad y profesionalidad.<\/p>\n<p>[\/et_pb_text][\/et_pb_column][et_pb_column type=\u00bb1_2&#8243; _builder_version=\u00bb4.22.0&#8243; _module_preset=\u00bbdefault\u00bb overflow-x=\u00bbvisible\u00bb overflow-y=\u00bbvisible\u00bb global_colors_info=\u00bb{}\u00bb][et_pb_image src=\u00bbhttps:\/\/saan.olympialegalgroup.com\/wp-content\/uploads\/2025\/05\/pexels-aykutkilic-7272501-scaled.jpg\u00bb title_text=\u00bbpexels-aykutkilic-7272501&#8243; force_fullwidth=\u00bbon\u00bb _builder_version=\u00bb4.27.4&#8243; _module_preset=\u00bbb95b5fcd-6fe3-4627-a3db-d8f82a3bc917&#8243; global_colors_info=\u00bb{}\u00bb][\/et_pb_image][et_pb_heading title=\u00bbObservar el firmamento ha sido una fuente constante de inspiraci\u00f3n y conocimiento, impulsando mitos, calendarios y los primeros pasos de la ciencia.\u00bb _builder_version=\u00bb4.27.4&#8243; _module_preset=\u00bbade78d2b-645a-456a-8958-cc9544e046f1&#8243; title_text_color=\u00bb#FFFFFF\u00bb background_color=\u00bb#000000&#8243; custom_margin=\u00bb-90px||||false|false\u00bb custom_padding=\u00bb20px|20px|20px|20px|true|true\u00bb border_radii=\u00bbon|30px|30px|30px|30px\u00bb global_colors_info=\u00bb{}\u00bb][\/et_pb_heading][\/et_pb_column][\/et_pb_row][et_pb_row column_structure=\u00bb1_2,1_2&#8243; _builder_version=\u00bb4.27.4&#8243; _module_preset=\u00bbdefault\u00bb custom_margin=\u00bb||||false|false\u00bb custom_padding=\u00bb0px|||||\u00bb global_colors_info=\u00bb{}\u00bb][et_pb_column type=\u00bb1_2&#8243; _builder_version=\u00bb4.24.0&#8243; _module_preset=\u00bbdefault\u00bb global_colors_info=\u00bb{}\u00bb][et_pb_image src=\u00bbhttps:\/\/saan.olympialegalgroup.com\/wp-content\/uploads\/2025\/05\/ChicaTelescopio-e1747410175842.png\u00bb title_text=\u00bbChicaTelescopio\u00bb align=\u00bbcenter\u00bb _builder_version=\u00bb4.27.4&#8243; _module_preset=\u00bbb95b5fcd-6fe3-4627-a3db-d8f82a3bc917&#8243; module_alignment=\u00bbcenter\u00bb custom_margin=\u00bb|||-20vw|false|false\u00bb hover_enabled=\u00bb0&#8243; global_colors_info=\u00bb{}\u00bb sticky_enabled=\u00bb0&#8243;][\/et_pb_image][\/et_pb_column][et_pb_column type=\u00bb1_2&#8243; _builder_version=\u00bb4.24.0&#8243; _module_preset=\u00bbdefault\u00bb custom_padding=\u00bb7vw||||false|false\u00bb global_colors_info=\u00bb{}\u00bb][et_pb_heading title=\u00bbObjetivos\u00bb _builder_version=\u00bb4.27.4&#8243; _module_preset=\u00bb638468c8-11bf-42a7-b5f3-3146cfd429da\u00bb custom_margin=\u00bb||10px||false|false\u00bb locked=\u00bboff\u00bb global_colors_info=\u00bb{}\u00bb][\/et_pb_heading][et_pb_text _builder_version=\u00bb4.27.4&#8243; _module_preset=\u00bb63c65a39-cd73-47c1-8fae-3feab7b7eb9e\u00bb locked=\u00bboff\u00bb global_colors_info=\u00bb{}\u00bb]<\/p>\n<p>Los objetivos principales de la agrupaci\u00f3n astron\u00f3mica OMEGA son fomentar el inter\u00e9s y la divulgaci\u00f3n de la astronom\u00eda entre el p\u00fablico general, promover la observaci\u00f3n del cielo tanto a nivel amateur como educativo, y facilitar el acceso al conocimiento cient\u00edfico relacionado con el universo. Asimismo, organizamos actividades como charlas, talleres, observaciones p\u00fablicas y colaboraciones con centros educativos, con el fin de acercar la ciencia del cosmos a todas las edades y niveles de conocimiento. Tambi\u00e9n apoyamos la investigaci\u00f3n aficionada y la colaboraci\u00f3n con instituciones cient\u00edficas, manteniendo un compromiso firme con la educaci\u00f3n, el rigor y la pasi\u00f3n por la astronom\u00eda.<\/p>\n<p>[\/et_pb_text][et_pb_button button_text=\u00bbOur Services\u00bb disabled_on=\u00bbon|on|on\u00bb _builder_version=\u00bb4.27.0&#8243; _module_preset=\u00bbeface43c-e8c6-49b5-a352-7de4ef52964b\u00bb disabled=\u00bbon\u00bb locked=\u00bboff\u00bb global_colors_info=\u00bb{}\u00bb][\/et_pb_button][\/et_pb_column][\/et_pb_row][\/et_pb_section][et_pb_section fb_built=\u00bb1&#8243; admin_label=\u00bbProjects\u00bb _builder_version=\u00bb4.27.4&#8243; _module_preset=\u00bb81ba546c-dd92-4145-ab21-28dbff855d2a\u00bb use_background_color_gradient=\u00bbon\u00bb background_color_gradient_stops=\u00bb#445ba6 0%|#f4b223 100%\u00bb border_radii=\u00bboff|3vw|3vw||\u00bb collapsed=\u00bboff\u00bb global_colors_info=\u00bb{%22gcid-a93f2103-1d8b-43bb-b21d-81d84bba8b15%22:%91%22background_color%22%93}\u00bb][et_pb_row _builder_version=\u00bb4.22.0&#8243; _module_preset=\u00bbdefault\u00bb global_colors_info=\u00bb{}\u00bb][et_pb_column type=\u00bb4_4&#8243; _builder_version=\u00bb4.22.0&#8243; _module_preset=\u00bbdefault\u00bb global_colors_info=\u00bb{}\u00bb][et_pb_heading title=\u00bbInstalaciones\u00bb _builder_version=\u00bb4.27.4&#8243; _module_preset=\u00bb638468c8-11bf-42a7-b5f3-3146cfd429da\u00bb title_text_align=\u00bbcenter\u00bb title_text_color=\u00bb#FFFFFF\u00bb custom_margin=\u00bb||10px||false|false\u00bb locked=\u00bboff\u00bb global_colors_info=\u00bb{}\u00bb][\/et_pb_heading][\/et_pb_column][\/et_pb_row][et_pb_row column_structure=\u00bb1_2,1_2&#8243; _builder_version=\u00bb4.24.0&#8243; _module_preset=\u00bbdefault\u00bb global_colors_info=\u00bb{}\u00bb][et_pb_column type=\u00bb1_2&#8243; _builder_version=\u00bb4.22.0&#8243; _module_preset=\u00bbdefault\u00bb global_colors_info=\u00bb{}\u00bb][et_pb_image src=\u00bbhttps:\/\/saan.olympialegalgroup.com\/wp-content\/uploads\/2025\/05\/ngc_2082_barred_spiral_galaxy.jpg\u00bb title_text=\u00bbngc_2082_barred_spiral_galaxy\u00bb force_fullwidth=\u00bbon\u00bb _builder_version=\u00bb4.27.4&#8243; _module_preset=\u00bbb95b5fcd-6fe3-4627-a3db-d8f82a3bc917&#8243; scroll_horizontal_motion_enable=\u00bbon\u00bb scroll_horizontal_motion=\u00bb0|70|70|100|0.3|0|0&#8243; motion_trigger_start=\u00bbtop\u00bb global_colors_info=\u00bb{}\u00bb][\/et_pb_image][et_pb_heading title=\u00bbLocal Social\u00bb _builder_version=\u00bb4.27.4&#8243; _module_preset=\u00bb05d1f98c-4595-40e3-a29e-a190ad292d8d\u00bb title_text_color=\u00bb#FFFFFF\u00bb custom_margin=\u00bb||10px||false|false\u00bb locked=\u00bboff\u00bb global_colors_info=\u00bb{}\u00bb][\/et_pb_heading][et_pb_button button_text=\u00bbLearn Abut This Initiative\u00bb disabled_on=\u00bbon|on|on\u00bb _builder_version=\u00bb4.27.0&#8243; _module_preset=\u00bb1e9bebd2-ed06-40e6-b008-1ede3101d680&#8243; disabled=\u00bbon\u00bb locked=\u00bboff\u00bb global_colors_info=\u00bb{}\u00bb][\/et_pb_button][\/et_pb_column][et_pb_column type=\u00bb1_2&#8243; _builder_version=\u00bb4.22.0&#8243; _module_preset=\u00bbdefault\u00bb global_colors_info=\u00bb{}\u00bb][et_pb_image src=\u00bbhttps:\/\/saan.olympialegalgroup.com\/wp-content\/uploads\/2025\/05\/observatoriojpg.jpeg\u00bb title_text=\u00bbobservatoriojpg\u00bb force_fullwidth=\u00bbon\u00bb _builder_version=\u00bb4.27.4&#8243; _module_preset=\u00bbb95b5fcd-6fe3-4627-a3db-d8f82a3bc917&#8243; scroll_horizontal_motion_enable=\u00bbon\u00bb scroll_horizontal_motion=\u00bb0|70|70|100|-0.3|0|0&#8243; motion_trigger_start=\u00bbtop\u00bb global_colors_info=\u00bb{}\u00bb][\/et_pb_image][et_pb_heading title=\u00bbObservatorio\u00bb _builder_version=\u00bb4.27.4&#8243; _module_preset=\u00bb05d1f98c-4595-40e3-a29e-a190ad292d8d\u00bb title_text_color=\u00bb#FFFFFF\u00bb custom_margin=\u00bb||10px||false|false\u00bb locked=\u00bboff\u00bb global_colors_info=\u00bb{}\u00bb][\/et_pb_heading][\/et_pb_column][\/et_pb_row][\/et_pb_section][et_pb_section fb_built=\u00bb1&#8243; make_equal=\u00bbon\u00bb use_custom_gutter=\u00bbon\u00bb gutter_width=\u00bb2&#8243; specialty=\u00bbon\u00bb background_color_1=\u00bb#F2F0EB\u00bb padding_top_1=\u00bb40px\u00bb padding_right_1=\u00bb40px\u00bb padding_bottom_1=\u00bb40px\u00bb padding_left_1=\u00bb40px\u00bb padding_top_bottom_link_1=\u00bbtrue\u00bb padding_left_right_link_1=\u00bbtrue\u00bb padding_1_tablet=\u00bb30px|30px|30px|30px|true|true\u00bb padding_1_phone=\u00bb20px|20px|20px|20px|true|true\u00bb padding_1_last_edited=\u00bbon|phone\u00bb custom_css_main_1=\u00bbborder-radius: 30px;\u00bb disabled_on=\u00bbon|on|on\u00bb admin_label=\u00bbFeatures\u00bb _builder_version=\u00bb4.27.4&#8243; _module_preset=\u00bbdefault\u00bb disabled=\u00bbon\u00bb global_colors_info=\u00bb{}\u00bb][et_pb_column type=\u00bb1_3&#8243; _builder_version=\u00bb4.16&#8243; custom_padding=\u00bb|||\u00bb global_colors_info=\u00bb{}\u00bb custom_padding__hover=\u00bb|||\u00bb][et_pb_heading title=\u00bbGet a Free Solar Consultation\u00bb _builder_version=\u00bb4.27.0&#8243; _module_preset=\u00bb05d1f98c-4595-40e3-a29e-a190ad292d8d\u00bb custom_margin=\u00bb||10px||false|false\u00bb locked=\u00bboff\u00bb global_colors_info=\u00bb{}\u00bb][\/et_pb_heading][et_pb_text _builder_version=\u00bb4.27.0&#8243; _module_preset=\u00bb63c65a39-cd73-47c1-8fae-3feab7b7eb9e\u00bb locked=\u00bboff\u00bb global_colors_info=\u00bb{}\u00bb]Discover how solar energy can transform your home with a no-cost consultation. Our experts will evaluate your needs and provide personalized advice to help you make the best energy decisions. Start your journey to sustainability today![\/et_pb_text][et_pb_button button_text=\u00bbContact Us Today\u00bb _builder_version=\u00bb4.27.0&#8243; _module_preset=\u00bbeface43c-e8c6-49b5-a352-7de4ef52964b\u00bb locked=\u00bboff\u00bb global_colors_info=\u00bb{}\u00bb][\/et_pb_button][\/et_pb_column][et_pb_column type=\u00bb2_3&#8243; specialty_columns=\u00bb2&#8243; _builder_version=\u00bb4.16&#8243; custom_padding=\u00bb|||\u00bb global_colors_info=\u00bb{}\u00bb custom_padding__hover=\u00bb|||\u00bb][et_pb_row_inner column_structure=\u00bb1_2,1_2&#8243; use_custom_gutter=\u00bbon\u00bb gutter_width=\u00bb2&#8243; make_equal=\u00bbon\u00bb _builder_version=\u00bb4.27.4&#8243; _module_preset=\u00bbdefault\u00bb custom_padding=\u00bb0px|||||\u00bb global_colors_info=\u00bb{}\u00bb][et_pb_column_inner type=\u00bb1_2&#8243; saved_specialty_column_type=\u00bb2_3&#8243; _builder_version=\u00bb4.27.4&#8243; _module_preset=\u00bb15bb18b1-ba7b-44d8-a7fc-b7be2f02108a\u00bb global_colors_info=\u00bb{}\u00bb][et_pb_blurb title=\u00bbResidential Solar Power\u00bb icon_placement=\u00bbtop\u00bb _builder_version=\u00bb4.27.4&#8243; _module_preset=\u00bb379598c6-cb3b-4653-901a-29617516e486&#8243; header_font_size=\u00bb16px\u00bb header_font_size_tablet=\u00bb15px\u00bb header_font_size_phone=\u00bb14px\u00bb locked=\u00bboff\u00bb global_colors_info=\u00bb{}\u00bb]<\/p>\n<p>Harness the power of the sun right from your home. Our residential solar solutions offer efficient, reliable energy that reduces your bills and your carbon footprint. Make the switch to cleaner energy with ease.<\/p>\n<p>[\/et_pb_blurb][\/et_pb_column_inner][et_pb_column_inner type=\u00bb1_2&#8243; saved_specialty_column_type=\u00bb2_3&#8243; _builder_version=\u00bb4.27.4&#8243; _module_preset=\u00bb15bb18b1-ba7b-44d8-a7fc-b7be2f02108a\u00bb global_colors_info=\u00bb{}\u00bb][et_pb_blurb title=\u00bbIndustrial Solar Power\u00bb icon_placement=\u00bbtop\u00bb _builder_version=\u00bb4.27.4&#8243; _module_preset=\u00bb379598c6-cb3b-4653-901a-29617516e486&#8243; header_font_size=\u00bb16px\u00bb header_font_size_tablet=\u00bb15px\u00bb header_font_size_phone=\u00bb14px\u00bb locked=\u00bboff\u00bb global_colors_info=\u00bb{}\u00bb]<\/p>\n<p>Optimize your business\u2019s energy usage with our industrial solar power solutions. Designed for efficiency and scalability, these systems reduce operational costs and promote sustainable practices.<\/p>\n<p>[\/et_pb_blurb][\/et_pb_column_inner][\/et_pb_row_inner][et_pb_row_inner column_structure=\u00bb1_2,1_2&#8243; use_custom_gutter=\u00bbon\u00bb gutter_width=\u00bb2&#8243; make_equal=\u00bbon\u00bb _builder_version=\u00bb4.27.4&#8243; _module_preset=\u00bbdefault\u00bb custom_padding=\u00bb0px||0px|||\u00bb global_colors_info=\u00bb{}\u00bb][et_pb_column_inner type=\u00bb1_2&#8243; saved_specialty_column_type=\u00bb2_3&#8243; _builder_version=\u00bb4.27.4&#8243; _module_preset=\u00bb15bb18b1-ba7b-44d8-a7fc-b7be2f02108a\u00bb global_colors_info=\u00bb{}\u00bb][et_pb_blurb title=\u00bbBatteries &#038; Backup Systems\u00bb icon_placement=\u00bbtop\u00bb _builder_version=\u00bb4.27.4&#8243; _module_preset=\u00bb379598c6-cb3b-4653-901a-29617516e486&#8243; header_font_size=\u00bb16px\u00bb header_font_size_tablet=\u00bb15px\u00bb header_font_size_phone=\u00bb14px\u00bb locked=\u00bboff\u00bb global_colors_info=\u00bb{}\u00bb]<\/p>\n<p>Ensure your energy supply is always reliable with our advanced batteries and backup systems. These solutions store excess energy and provide power during outages, keeping your home running smoothly.<\/p>\n<p>[\/et_pb_blurb][\/et_pb_column_inner][et_pb_column_inner type=\u00bb1_2&#8243; saved_specialty_column_type=\u00bb2_3&#8243; _builder_version=\u00bb4.27.4&#8243; _module_preset=\u00bb15bb18b1-ba7b-44d8-a7fc-b7be2f02108a\u00bb global_colors_info=\u00bb{}\u00bb][et_pb_blurb title=\u00bbPower Your Entire Home\u00bb icon_placement=\u00bbtop\u00bb _builder_version=\u00bb4.27.4&#8243; _module_preset=\u00bb379598c6-cb3b-4653-901a-29617516e486&#8243; header_font_size=\u00bb16px\u00bb header_font_size_tablet=\u00bb15px\u00bb header_font_size_phone=\u00bb14px\u00bb locked=\u00bboff\u00bb global_colors_info=\u00bb{}\u00bb]<\/p>\n<p>Transform your entire home into a sustainable energy powerhouse. Our comprehensive systems provide all the power you need, reducing dependence on traditional energy sources.<\/p>\n<p>[\/et_pb_blurb][\/et_pb_column_inner][\/et_pb_row_inner][\/et_pb_column][\/et_pb_section]<\/p>\n","protected":false},"excerpt":{"rendered":"<p>El placer de comptemplar el cielo nocturno, reconocer los astros, registrar los fen\u00f3menos que se producen, conseguir espectaculares fotografias o perderse en el infinito. Todo y m\u00e1s forma parte de la aficci\u00f3n a la astronom\u00eda, esencia primera que impulsa la formaci\u00f3n de esta sociedad.Omega es una sociedad tranquila, familiar y acogedora que busca incentivar la [&hellip;]<\/p>\n","protected":false},"author":1,"featured_media":0,"parent":0,"menu_order":0,"comment_status":"closed","ping_status":"closed","template":"","meta":{"_et_pb_use_builder":"on","_et_pb_old_content":"","_et_gb_content_width":"","footnotes":""},"class_list":["post-185","page","type-page","status-publish","hentry"],"_links":{"self":[{"href":"https:\/\/saan.olympialegalgroup.com\/index.php\/wp-json\/wp\/v2\/pages\/185","targetHints":{"allow":["GET"]}}],"collection":[{"href":"https:\/\/saan.olympialegalgroup.com\/index.php\/wp-json\/wp\/v2\/pages"}],"about":[{"href":"https:\/\/saan.olympialegalgroup.com\/index.php\/wp-json\/wp\/v2\/types\/page"}],"author":[{"embeddable":true,"href":"https:\/\/saan.olympialegalgroup.com\/index.php\/wp-json\/wp\/v2\/users\/1"}],"replies":[{"embeddable":true,"href":"https:\/\/saan.olympialegalgroup.com\/index.php\/wp-json\/wp\/v2\/comments?post=185"}],"version-history":[{"count":22,"href":"https:\/\/saan.olympialegalgroup.com\/index.php\/wp-json\/wp\/v2\/pages\/185\/revisions"}],"predecessor-version":[{"id":306,"href":"https:\/\/saan.olympialegalgroup.com\/index.php\/wp-json\/wp\/v2\/pages\/185\/revisions\/306"}],"wp:attachment":[{"href":"https:\/\/saan.olympialegalgroup.com\/index.php\/wp-json\/wp\/v2\/media?parent=185"}],"curies":[{"name":"wp","href":"https:\/\/api.w.org\/{rel}","templated":true}]}}