{"id":74,"date":"2025-05-14T20:42:09","date_gmt":"2025-05-14T20:42:09","guid":{"rendered":"https:\/\/saan.olympialegalgroup.com\/?page_id=74"},"modified":"2025-09-08T10:04:50","modified_gmt":"2025-09-08T10:04:50","slug":"observatorio","status":"publish","type":"page","link":"https:\/\/saan.olympialegalgroup.com\/index.php\/observatorio\/","title":{"rendered":"Observatorio"},"content":{"rendered":"<p>[et_pb_section fb_built=\u00bb1&#8243; custom_padding_last_edited=\u00bbon|desktop\u00bb admin_label=\u00bbHeader\u00bb _builder_version=\u00bb4.27.4&#8243; _module_preset=\u00bb81ba546c-dd92-4145-ab21-28dbff855d2a\u00bb background_enable_color=\u00bboff\u00bb custom_padding=\u00bb0vh||0vh||true|false\u00bb custom_padding_tablet=\u00bb0vh||0vh||true|false\u00bb custom_padding_phone=\u00bb0vh||0vh||false|false\u00bb hover_enabled=\u00bb0&#8243; collapsed=\u00bboff\u00bb global_colors_info=\u00bb{}\u00bb sticky_enabled=\u00bb0&#8243; background_enable_image=\u00bboff\u00bb][et_pb_row _builder_version=\u00bb4.27.4&#8243; _module_preset=\u00bbdefault\u00bb width=\u00bb104%\u00bb max_width=\u00bb100%\u00bb hover_enabled=\u00bb0&#8243; sticky_enabled=\u00bb0&#8243; title_text=\u00bbobservatoriojpg\u00bb background_image=\u00bbhttps:\/\/saan.olympialegalgroup.com\/wp-content\/uploads\/2025\/05\/observatoriojpg-e1747408679624.jpeg\u00bb height=\u00bb993px\u00bb custom_padding=\u00bb||0px||false|false\u00bb custom_margin=\u00bb0px||0px||true|false\u00bb height_last_edited=\u00bbon|phone\u00bb min_height=\u00bb1000px\u00bb min_height_last_edited=\u00bbon|desktop\u00bb min_height_phone=\u00bb248px\u00bb min_height_tablet=\u00bb470px\u00bb height_tablet=\u00bb993px\u00bb height_phone=\u00bb993px\u00bb][et_pb_column _builder_version=\u00bb4.27.4&#8243; _module_preset=\u00bbdefault\u00bb type=\u00bb4_4&#8243;][\/et_pb_column][\/et_pb_row][\/et_pb_section][et_pb_section fb_built=\u00bb1&#8243; _builder_version=\u00bb4.27.4&#8243; _module_preset=\u00bbdefault\u00bb][et_pb_row _builder_version=\u00bb4.24.0&#8243; _module_preset=\u00bbdefault\u00bb global_colors_info=\u00bb{}\u00bb][et_pb_column type=\u00bb4_4&#8243; _builder_version=\u00bb4.22.0&#8243; _module_preset=\u00bbdefault\u00bb global_colors_info=\u00bb{}\u00bb][et_pb_heading title=\u00bbObservatorio Municipal Monte Deva\u00bb _builder_version=\u00bb4.27.4&#8243; _module_preset=\u00bbc1253fe8-602a-4752-89bc-148a73740ac6&#8243; title_font=\u00bb&#8211;et_global_heading_font||||||||\u00bb title_font_size=\u00bb59px\u00bb global_colors_info=\u00bb{}\u00bb][\/et_pb_heading][\/et_pb_column][\/et_pb_row][et_pb_row column_structure=\u00bb1_2,1_2&#8243; _builder_version=\u00bb4.22.0&#8243; _module_preset=\u00bbdefault\u00bb global_colors_info=\u00bb{}\u00bb][et_pb_column type=\u00bb1_2&#8243; _builder_version=\u00bb4.22.0&#8243; _module_preset=\u00bbdefault\u00bb global_colors_info=\u00bb{}\u00bb][et_pb_heading title=\u00bbVisitas P\u00fablicas al Observatorio\u00bb _builder_version=\u00bb4.27.4&#8243; _module_preset=\u00bbade78d2b-645a-456a-8958-cc9544e046f1&#8243; title_font=\u00bb&#8211;et_global_heading_font||||||||\u00bb global_colors_info=\u00bb{}\u00bb][\/et_pb_heading][et_pb_text _builder_version=\u00bb4.27.4&#8243; _module_preset=\u00bb63c65a39-cd73-47c1-8fae-3feab7b7eb9e\u00bb global_colors_info=\u00bb{}\u00bb]<\/p>\n<p>&nbsp;<\/p>\n<p>Nuestro punto de encuentro con las estrellas.<br data-start=\"1400\" data-end=\"1403\" \/>Contamos con un observatorio situado en Monte Deva, equipado con distintos telescopios, c\u00e1maras astron\u00f3micas y otros instrumentos.<\/p>\n<p>[\/et_pb_text][\/et_pb_column][et_pb_column type=\u00bb1_2&#8243; _builder_version=\u00bb4.22.0&#8243; _module_preset=\u00bbdefault\u00bb global_colors_info=\u00bb{}\u00bb][et_pb_image src=\u00bbhttps:\/\/saan.olympialegalgroup.com\/wp-content\/uploads\/2025\/05\/unnamed.webp\u00bb title_text=\u00bbunnamed\u00bb _builder_version=\u00bb4.27.4&#8243; _module_preset=\u00bbb95b5fcd-6fe3-4627-a3db-d8f82a3bc917&#8243; global_colors_info=\u00bb{}\u00bb][\/et_pb_image][\/et_pb_column][\/et_pb_row][\/et_pb_section][et_pb_section fb_built=\u00bb1&#8243; admin_label=\u00bbVideo\u00bb _builder_version=\u00bb4.22.0&#8243; _module_preset=\u00bbdefault\u00bb collapsed=\u00bboff\u00bb][et_pb_row column_structure=\u00bb1_2,1_2&#8243; _builder_version=\u00bb4.22.0&#8243; _module_preset=\u00bbdefault\u00bb global_colors_info=\u00bb{}\u00bb][et_pb_column type=\u00bb1_2&#8243; _builder_version=\u00bb4.22.0&#8243; _module_preset=\u00bbdefault\u00bb global_colors_info=\u00bb{}\u00bb][et_pb_image src=\u00bbhttps:\/\/saan.olympialegalgroup.com\/wp-content\/uploads\/2025\/05\/Noche-de-estrellas-y-descubrimientos.png\u00bb title_text=\u00bbNoche de estrellas y descubrimientos\u00bb _builder_version=\u00bb4.27.4&#8243; _module_preset=\u00bbb95b5fcd-6fe3-4627-a3db-d8f82a3bc917&#8243; hover_enabled=\u00bb0&#8243; global_colors_info=\u00bb{}\u00bb sticky_enabled=\u00bb0&#8243;][\/et_pb_image][\/et_pb_column][et_pb_column type=\u00bb1_2&#8243; _builder_version=\u00bb4.22.0&#8243; _module_preset=\u00bbdefault\u00bb global_colors_info=\u00bb{}\u00bb][et_pb_heading title=\u00bbVisitas P\u00fablicas al Observatorio\u00bb _builder_version=\u00bb4.27.4&#8243; _module_preset=\u00bbade78d2b-645a-456a-8958-cc9544e046f1&#8243; title_font=\u00bb&#8211;et_global_heading_font||||||||\u00bb global_colors_info=\u00bb{}\u00bb][\/et_pb_heading][et_pb_text _builder_version=\u00bb4.27.4&#8243; _module_preset=\u00bb63c65a39-cd73-47c1-8fae-3feab7b7eb9e\u00bb global_colors_info=\u00bb{}\u00bb]<\/p>\n<div class=\"flex basis-auto flex-col -mb-(--composer-overlap-px) [--composer-overlap-px:24px] grow overflow-hidden\">\n<div class=\"relative h-full\">\n<div class=\"flex h-full flex-col overflow-y-auto [scrollbar-gutter:stable_both-edges] @[84rem]\/thread:pt-(--header-height)\">\n<div class=\"@thread-xl\/thread:pt-header-height mt-1.5 flex flex-col text-sm pb-25\">\n<article class=\"text-token-text-primary w-full\" dir=\"auto\" data-testid=\"conversation-turn-14\" data-scroll-anchor=\"true\">\n<div class=\"text-base my-auto mx-auto py-5 [--thread-content-margin:--spacing(4)] @[37rem]:[--thread-content-margin:--spacing(6)] @[72rem]:[--thread-content-margin:--spacing(16)] px-(--thread-content-margin)\">\n<div class=\"[--thread-content-max-width:32rem] @[34rem]:[--thread-content-max-width:40rem] @[64rem]:[--thread-content-max-width:48rem] mx-auto flex max-w-(--thread-content-max-width) flex-1 text-base gap-4 md:gap-5 lg:gap-6 group\/turn-messages focus-visible:outline-hidden\" tabindex=\"-1\">\n<div class=\"group\/conversation-turn relative flex w-full min-w-0 flex-col agent-turn\">\n<div class=\"relative flex-col gap-1 md:gap-3\">\n<div class=\"flex max-w-full flex-col grow\">\n<div data-message-author-role=\"assistant\" data-message-id=\"4089add6-1b15-4098-9708-f6d51ad8f461\" dir=\"auto\" class=\"min-h-8 text-message relative flex w-full flex-col items-end gap-2 text-start break-words whitespace-normal [.text-message+&amp;]:mt-5\" data-message-model-slug=\"gpt-4o\">\n<div class=\"flex w-full flex-col gap-1 empty:hidden first:pt-[3px]\">\n<div class=\"markdown prose dark:prose-invert w-full break-words light\">\n<p data-start=\"151\" data-end=\"321\" class=\"\">Las visitas al Observatorio del Monte Deva se realizan <strong data-start=\"206\" data-end=\"246\">\u00fanicamente las noches de los viernes<\/strong>, <strong data-start=\"248\" data-end=\"287\">siempre que el cielo est\u00e9 despejado<\/strong>, en horario de <strong data-start=\"303\" data-end=\"320\">23:00 a 01:00<\/strong>.<\/p>\n<p data-start=\"323\" data-end=\"524\" class=\"\">\ud83d\udcde <strong data-start=\"326\" data-end=\"404\">Antes de salir hacia el observatorio, te pedimos que llames al 687 684 034<\/strong> para confirmar que estar\u00e1 abierto, que hay plazas disponibles y que no hay actividades que impidan la visita esa noche.<\/p>\n<p data-start=\"526\" data-end=\"695\" class=\"\">\ud83c\udf0c La <strong data-start=\"532\" data-end=\"557\">duraci\u00f3n de la visita<\/strong> y los <strong data-start=\"564\" data-end=\"604\">objetos astron\u00f3micos que se observan<\/strong> dependen del criterio de los responsables del observatorio y de las condiciones del cielo.<\/p>\n<p data-start=\"697\" data-end=\"841\" class=\"\">\ud83c\udd93 <strong data-start=\"700\" data-end=\"726\">La entrada es gratuita<\/strong> y, por ahora, <strong data-start=\"741\" data-end=\"769\">no es necesario reservar<\/strong>. Quienes te atender\u00e1n lo hacen de forma <strong data-start=\"810\" data-end=\"840\">voluntaria y desinteresada<\/strong>.<\/p>\n<p data-start=\"843\" data-end=\"993\" class=\"\">\ud83d\udeab Ten en cuenta que en el observatorio <strong data-start=\"883\" data-end=\"899\">no hay aseos<\/strong> y que, incluso en verano, <strong data-start=\"926\" data-end=\"946\">siempre refresca<\/strong>, as\u00ed que trae <strong data-start=\"961\" data-end=\"979\">ropa de abrigo<\/strong> por si acaso.<\/p>\n<\/div>\n<\/div>\n<\/div>\n<\/div>\n<div class=\"flex justify-start\">\n<div class=\"touch:-me-2 touch:-ms-3.5 -ms-2.5 -me-1 flex items-center p-1 select-none -mt-1 duration-[1.5s] focus-within:transition-none hover:transition-none pointer-events-none [mask-image:linear-gradient(to_right,black_33%,transparent_66%)] [mask-size:300%_100%] [mask-position:100%_0%] motion-safe:transition-[mask-position] group-hover\/turn-messages:pointer-events-auto group-hover\/turn-messages:[mask-position:0_0] group-focus-within\/turn-messages:pointer-events-auto group-focus-within\/turn-messages:[mask-position:0_0] has-data-[state=open]:pointer-events-auto has-data-[state=open]:[mask-position:0_0]\">\n<div class=\"flex items-center pb-0\"><\/div>\n<\/div>\n<\/div>\n<\/div>\n<\/div>\n<\/div>\n<\/div>\n<\/article>\n<div aria-hidden=\"true\" data-edge=\"true\" class=\"pointer-events-none h-px w-px\"><\/div>\n<div><\/div>\n<div><\/div>\n<\/div>\n<\/div>\n<\/div>\n<\/div>\n<div id=\"thread-bottom-container\" class=\"isolate z-3 w-full basis-auto has-data-has-thread-error:pt-2 has-data-has-thread-error:[box-shadow:var(--sharp-edge-bottom-shadow)] md:border-transparent md:pt-0 dark:border-white\/20 md:dark:border-transparent flex flex-col\">\n<div id=\"thread-bottom\">\n<div class=\"text-base mx-auto [--thread-content-margin:--spacing(4)] @[37rem]:[--thread-content-margin:--spacing(6)] @[72rem]:[--thread-content-margin:--spacing(16)] px-(--thread-content-margin)\">\n<div class=\"[--thread-content-max-width:32rem] @[34rem]:[--thread-content-max-width:40rem] @[64rem]:[--thread-content-max-width:48rem] mx-auto flex max-w-(--thread-content-max-width) flex-1 text-base gap-4 md:gap-5 lg:gap-6\">\n<div class=\"flex justify-center empty:hidden\"><\/div>\n<div class=\"max-xs:[--force-hide-label:none] relative z-1 flex h-full max-w-full flex-1 flex-col\" type=\"button\" aria-haspopup=\"dialog\" aria-expanded=\"false\" aria-controls=\"radix-\u00abro\u00bb\" data-state=\"closed\">\n<div class=\"absolute start-0 end-0 bottom-full z-20\"><\/div>\n<form class=\"w-full [view-transition-name:var(--vt-composer)]\" data-type=\"unified-composer\" data-np-autofill-form-type=\"other\" data-np-checked=\"1\" data-np-watching=\"1\">\n<div class=\"flex w-full cursor-text flex-col items-center justify-center rounded-[28px] bg-clip-padding contain-inline-size overflow-clip border-token-border-default border shadow-sm sm:shadow-lg dark:shadow-none! bg-token-bg-primary dark:bg-[#303030]\">\n<div class=\"relative flex w-full items-end px-3 py-3\">\n<div class=\"relative flex w-full flex-auto flex-col\">\n<div class=\"relative ms-1.5 grid grid-cols-[auto_minmax(0,1fr)]\">\n<div class=\"items-top flex justify-center\">\n<div><\/div>\n<\/div>\n<\/div>\n<\/div>\n<\/div>\n<\/div>\n<\/form>\n<\/div>\n<\/div>\n<\/div>\n<\/div>\n<\/div>\n<p>[\/et_pb_text][\/et_pb_column][\/et_pb_row][et_pb_row column_structure=\u00bb1_3,2_3&#8243; _builder_version=\u00bb4.24.0&#8243; _module_preset=\u00bbdefault\u00bb locked=\u00bboff\u00bb global_colors_info=\u00bb{}\u00bb][et_pb_column type=\u00bb1_3&#8243; _builder_version=\u00bb4.22.0&#8243; _module_preset=\u00bbdefault\u00bb global_colors_info=\u00bb{}\u00bb][et_pb_image src=\u00bbhttps:\/\/saan.olympialegalgroup.com\/wp-content\/uploads\/2025\/05\/Como-llegar-al-observatorio-paso-a-paso.webp\u00bb title_text=\u00bbC\u00f3mo llegar al observatorio paso a paso\u00bb _builder_version=\u00bb4.27.4&#8243; _module_preset=\u00bbb95b5fcd-6fe3-4627-a3db-d8f82a3bc917&#8243; hover_enabled=\u00bb0&#8243; global_colors_info=\u00bb{}\u00bb sticky_enabled=\u00bb0&#8243;][\/et_pb_image][\/et_pb_column][et_pb_column type=\u00bb2_3&#8243; _builder_version=\u00bb4.22.0&#8243; _module_preset=\u00bbdefault\u00bb global_colors_info=\u00bb{}\u00bb][et_pb_heading title=\u00bbComo llegar al observatorio\u00bb _builder_version=\u00bb4.27.4&#8243; _module_preset=\u00bbade78d2b-645a-456a-8958-cc9544e046f1&#8243; title_font=\u00bb&#8211;et_global_heading_font||||||||\u00bb global_colors_info=\u00bb{}\u00bb][\/et_pb_heading][et_pb_text _builder_version=\u00bb4.27.4&#8243; _module_preset=\u00bb63c65a39-cd73-47c1-8fae-3feab7b7eb9e\u00bb global_colors_info=\u00bb{}\u00bb]<\/p>\n<p data-start=\"163\" data-end=\"343\" class=\"\">Si es tu primera visita, te recomendamos hacer el recorrido de d\u00eda para familiarizarte con el camino. Evita utilizar el navegador del coche, ya que a veces no ofrece la mejor ruta.<\/p>\n<p data-start=\"345\" data-end=\"661\" class=\"\">Debes tomar la <strong data-start=\"360\" data-end=\"374\">salida 371<\/strong> de la autopista A-8 (\u00a1no la 374!). Una vez salgas, sigue por la carretera que pasa junto al <strong data-start=\"467\" data-end=\"499\">Cementerio Municipal de Deva<\/strong>. Aproximadamente <strong data-start=\"517\" data-end=\"554\">700 metros despu\u00e9s del cementerio<\/strong>, ver\u00e1s una <strong data-start=\"566\" data-end=\"594\">pista ancha sin asfaltar<\/strong> a la derecha, se\u00f1alizada como <strong data-start=\"625\" data-end=\"660\">\u201cParque Natural del Monte Deva\u201d<\/strong>.<\/p>\n<p data-start=\"663\" data-end=\"890\" class=\"\">Sigue por esa pista durante unos <strong data-start=\"696\" data-end=\"706\">2,2 km<\/strong>. Llegar\u00e1s a una <strong data-start=\"723\" data-end=\"756\">gran explanada a la izquierda<\/strong> donde puedes dejar el coche aparcado. Desde all\u00ed, contin\u00faa a pie unos <strong data-start=\"827\" data-end=\"860\">200 metros en direcci\u00f3n norte<\/strong> hasta llegar al observatorio.\u00a0<\/p>\n<p data-start=\"892\" data-end=\"1053\" class=\"\">El camino es ancho y tiene buen firme, pero <strong data-start=\"936\" data-end=\"957\">no est\u00e1 iluminado<\/strong> y discurre junto al monte, por lo que te recomendamos llevar <strong data-start=\"1019\" data-end=\"1031\">linterna<\/strong> y <strong data-start=\"1034\" data-end=\"1052\">calzado c\u00f3modo<\/strong>.<\/p>\n<p>[\/et_pb_text][et_pb_button button_url=\u00bbhttps:\/\/maps.app.goo.gl\/dH3XZNyuMPd3HABd9&#8243; url_new_window=\u00bbon\u00bb button_text=\u00bbVer Ruta en Maps\u00bb _builder_version=\u00bb4.27.4&#8243; _module_preset=\u00bbdefault\u00bb button_bg_color=\u00bb#003963&#8243; global_colors_info=\u00bb{}\u00bb][\/et_pb_button][\/et_pb_column][\/et_pb_row][et_pb_row _builder_version=\u00bb4.22.0&#8243; _module_preset=\u00bbdefault\u00bb global_colors_info=\u00bb{}\u00bb][et_pb_column type=\u00bb4_4&#8243; _builder_version=\u00bb4.22.0&#8243; _module_preset=\u00bbdefault\u00bb global_colors_info=\u00bb{}\u00bb][\/et_pb_column][\/et_pb_row][\/et_pb_section]<\/p>\n","protected":false},"excerpt":{"rendered":"<p>&nbsp; Nuestro punto de encuentro con las estrellas.Contamos con un observatorio situado en Monte Deva, equipado con distintos telescopios, c\u00e1maras astron\u00f3micas y otros instrumentos. Las visitas al Observatorio del Monte Deva se realizan \u00fanicamente las noches de los viernes, siempre que el cielo est\u00e9 despejado, en horario de 23:00 a 01:00. \ud83d\udcde Antes de salir [&hellip;]<\/p>\n","protected":false},"author":1,"featured_media":0,"parent":0,"menu_order":0,"comment_status":"closed","ping_status":"closed","template":"","meta":{"_et_pb_use_builder":"on","_et_pb_old_content":"","_et_gb_content_width":"","footnotes":""},"class_list":["post-74","page","type-page","status-publish","hentry"],"_links":{"self":[{"href":"https:\/\/saan.olympialegalgroup.com\/index.php\/wp-json\/wp\/v2\/pages\/74","targetHints":{"allow":["GET"]}}],"collection":[{"href":"https:\/\/saan.olympialegalgroup.com\/index.php\/wp-json\/wp\/v2\/pages"}],"about":[{"href":"https:\/\/saan.olympialegalgroup.com\/index.php\/wp-json\/wp\/v2\/types\/page"}],"author":[{"embeddable":true,"href":"https:\/\/saan.olympialegalgroup.com\/index.php\/wp-json\/wp\/v2\/users\/1"}],"replies":[{"embeddable":true,"href":"https:\/\/saan.olympialegalgroup.com\/index.php\/wp-json\/wp\/v2\/comments?post=74"}],"version-history":[{"count":21,"href":"https:\/\/saan.olympialegalgroup.com\/index.php\/wp-json\/wp\/v2\/pages\/74\/revisions"}],"predecessor-version":[{"id":417,"href":"https:\/\/saan.olympialegalgroup.com\/index.php\/wp-json\/wp\/v2\/pages\/74\/revisions\/417"}],"wp:attachment":[{"href":"https:\/\/saan.olympialegalgroup.com\/index.php\/wp-json\/wp\/v2\/media?parent=74"}],"curies":[{"name":"wp","href":"https:\/\/api.w.org\/{rel}","templated":true}]}}